 = -p + 3*d. What are the prime factors of p?
41
Let o(r) = -r**3 + 14*r**2 - 18*r - 36. What are the prime factors of o(9)?
3, 23
Suppose 43779 = 49*p - 69901. What are the prime factors of p?
2, 5, 29
Suppose -23*z = -3512 - 4515. List the prime factors of z.
349
Let q(s) be the first derivative of -4*s**2 + 29*s - 24. List the prime factors of q(-14).
3, 47
Let u = 1942 + -1297. List the prime factors of u.
3, 5, 43
Suppose 3*s - 7*s + 582 = 5*a, 0 = 4*s - 5*a - 602. Suppose -4*v + 0*v = -s. List the prime factors of v.
37
List the prime factors of (-60)/(-60) + (1 - -1096).
2, 3, 61
Suppose -16*b + 12*b = -72. Suppose -13*i + b*i = 675. What are the prime factors of i?
3, 5
Let b be 9/2*(-200)/(-12). Suppose a - 6*a = -5*c + b, 0 = 3*c - 2*a - 49. Suppose 3*u - 41 = 3*t + c, 58 = 3*u - 2*t. List the prime factors of u.
2, 3
Let f(o) = -2*o**3 - 29*o**2 + 30*o + 37. List the prime factors of f(-16).
5, 13
Let j = 8 + -13. Let b be (-4)/10 - 17/j. What are the prime factors of 2/b*81/18?
3
Let w(n) = n**2 - 5*n - 2. Let t be w(7). Suppose 3*d = -0*d + t. Suppose 0 = d*u - 3 - 89. What are the prime factors of u?
23
Let s be (-2)/(-3)*135/18. Suppose 0*v + v + 3*q = 59, 233 = 3*v - 5*q. Suppose -s = 2*m - v. List the prime factors of m.
3, 11
Let t = -762 - -2056. What are the prime factors of t?
2, 647
Let c(n) = -n**3 + n**2 + n + 110. What are the prime factors of c(0)?
2, 5, 11
Let f(v) = 552*v**3 + v. List the prime factors of f(1).
7, 79
Let z(o) = 2*o**3 - 4*o**2 - 2*o + 4. Let i be z(3). Suppose 0 = -2*n + 3*n - 5, -m = 2*n - i. Let f = m + 0. What are the prime factors of f?
2, 3
Let o(x) be the third derivative of x**5/60 - x**3/6 - 4*x**2. Let g be o(0). Let j = 18 + g. What are the prime factors of j?
17
Let s be -2*2/(4/5). List the prime factors of 56 + s/10*-2.
3, 19
Let y = -101 - -100. List the prime factors of y/(1/(-81)*3).
3
Let w(u) = -589*u + 13. List the prime factors of w(-1).
2, 7, 43
Let x = 375 - 80. Suppose -4*g - 2*j + x - 95 = 0, 4*j = 0. What are the prime factors of g?
2, 5
Suppose -4*w = -5*p + 3*p - 4588, w - 4*p - 1140 = 0. What are the prime factors of w?
2, 7, 41
Suppose 0 = 13*t - 21 - 5. Suppose -t*v = -103 + 31. List the prime factors of v.
2, 3
Let p(i) = -11*i + 14. Let h be p(-14). List the prime factors of (4/(-2))/((-24)/h).
2, 7
Let l(z) = z**3 + 22*z**2 + 11*z + 20. List the prime factors of l(-18).
2, 13, 43
List the prime factors of 3418/3 - (-28)/(-84).
17, 67
What are the prime factors of (-362)/(4/4 - 3)?
181
Suppose 3*n = 4*l + 8385, 3*n + 254*l - 251*l = 8406. What are the prime factors of n?
3, 311
Let p = 425 - -71. List the prime factors of p.
2, 31
Let u = -9 + 14. Suppose -3*v + 5*g = -18, v = -v + 3*g + 11. Suppose -s = -u - v. List the prime factors of s.
2, 3
Suppose 12 = -4*t, 33 = -4*z - 0*t - 3*t. Let x(f) = f**3 + 4*f**2 - 13*f + 2. What are the prime factors of x(z)?
2
Suppose 2*a + 2*a = 4*s + 24, 15 = 4*a - s. What are the prime factors of a?
3
Suppose -3*i + 1579 = 5*o - 21977, -18840 = -4*o - 4*i. What are the prime factors of o?
3, 1571
Let o = 714 + -589. What are the prime factors of o?
5
Let r(y) = 13*y + 85. What are the prime factors of r(9)?
2, 101
Suppose 20*k = 31*k - 16555. List the prime factors of k.
5, 7, 43
List the prime factors of (9 + 0)*7/(42/104).
2, 3, 13
Suppose -3*l - 5*c + 28 = 0, 27 = 5*l + 4*c - 11. List the prime factors of 52/l*6/1.
2, 13
Let g be -1*4/8 + 15/6. Suppose 0*u - l = -4*u + 842, -g*u + 412 = 4*l. List the prime factors of u.
2, 3, 5, 7
Suppose -883 = -2*y - 129. Suppose 4*z + 0*g + 5*g - 561 = 0, 3*z = 5*g + y. List the prime factors of z.
2, 67
Suppose 5*m = 0, 2*g = -m + 3*m + 28. Suppose -t + g = -10. Suppose 4*l + 0*l - t = 0. What are the prime factors of l?
2, 3
Suppose -x - 10 = 3*s + 1, 2*x + 4*s + 12 = 0. What are the prime factors of (x - 1)*34/2?
3, 17
Let v be 14/2 - 22/11. Suppose -2*l = -l - 2*u - 118, -4*l - v*u + 446 = 0. What are the prime factors of l?
2, 3, 19
List the prime factors of (-243 - -56)*-11*2.
2, 11, 17
Let m(v) = -v**2 - 1. Let p(u) = u**3 + 3*u**2 - 5*u + 9. Let x(i) = -6*m(i) - p(i). Let h be x(4). What are the prime factors of 3/(-2 - h) - -29?
2, 7
Suppose -13 = -2*k + 5*w - 55, -3*w = -3*k - 54. Let p = k + 163. What are the prime factors of p?
3, 7
Let i = 142 + -61. Let z = 132 - i. What are the prime factors of z?
3, 17
Let h(w) = 4*w**2 - 7*w + 247. What are the prime factors of h(0)?
13, 19
Let h(z) = -20*z**2 + 9*z + 8. Let x(g) = 7*g**2 - 3*g - 3. Let k(r) = 6*h(r) + 17*x(r). Let t be k(6). Let m = t + 30. What are the prime factors of m?
3
Let l = -111 + 234. Let h = l + -63. What are the prime factors of h?
2, 3, 5
Let m(k) = -k**3 + 12*k**2 + 13*k - 4. Let u be m(13). Let r = u - 12. Let s = r + 43. What are the prime factors of s?
3
Let f be 4 + -3 - (-14 - 3). Suppose -20 = -2*z + f. Suppose -4*n - z + 135 = 0. What are the prime factors of n?
29
Suppose 0 = 3*i + 16 - 10. Let v be -6*2/(-8)*-2. What are the prime factors of (-82)/v + i/(-3)?
2, 7
Suppose -p = 2*p + 3. What are the prime factors of -1 + 4 + 273 - (p + 1)?
2, 3, 23
Let m = 216 + -91. Let i = 268 - m. List the prime factors of i.
11, 13
Let c = 1569 + -914. What are the prime factors of c?
5, 131
Let p(f) = 5*f**2 - 10*f + 21. What are the prime factors of p(7)?
2, 7
Let t be 2/13 - (-801)/117. Suppose -b = -a - 0*a + 5, -3*b + 5*a - t = 0. Let j = b - -35. List the prime factors of j.
2, 13
Suppose 68 = 5*f + 3*m - 4, 4*f - m - 61 = 0. Suppose -f*p = -18*p + 105. List the prime factors of p.
5, 7
Let y = -6333 - -9401. List the prime factors of y.
2, 13, 59
List the prime factors of 4/(-6) + (-3 - 42440/(-12)).
3533
Suppose -4*w + 1319 + 10830 = -5*z, -2*w + 6070 = -4*z. List the prime factors of w.
3041
Let p = 205 - 124. Suppose t + q - 49 = -2*t, 5*t - p = -2*q. What are the prime factors of t?
17
Let u be 3*6/81 + (-6062)/63. Let s = u + 151. List the prime factors of s.
5, 11
Let o = 8 - 13. Let f = 18 + o. Let l = f + -4. What are the prime factors of l?
3
Let i = 6 + -1. Suppose -y - 109 = -4*d + 2*y, i*d - 2*y - 131 = 0. What are the prime factors of 5/d + (-168)/(-10)?
17
Suppose 0 = -13*n + 2493 + 250. What are the prime factors of n?
211
Suppose 5*y - 2*y - 120 = 0. Let z be (2 + y)/(6/20). Suppose -z = -4*x - x + 5*w, 2*x - w = 54. What are the prime factors of x?
2, 13
What are the prime factors of (145 - 147)*(-2028 + 2)/2?
2, 1013
Suppose -204 + 1179 = 3*l. Let g = -209 + l. List the prime factors of g.
2, 29
Let w(r) = 4*r**2 + 7*r + 41. What are the prime factors of w(-11)?
2, 7
Let x = -11 + 51. Suppose 37*u + 24 = x*u. List the prime factors of u.
2
Let r(d) = 2*d**2 - 4*d - 59. What are the prime factors of r(-18)?
661
What are the prime factors of (2 - (-186)/(-90)) + (-96812)/(-30)?
7, 461
Let o(h) = 110*h**2 - h + 1. List the prime factors of o(-1).
2, 7
Let p = 108 - 71. Let l = p - 37. Suppose s + l*s - 64 = -5*a, 3*a - 4*s = 20. List the prime factors of a.
2, 3
What are the prime factors of 1/3 + (-192832)/(-96)?
7, 41
Let b be (-1 - 2)*(-4)/6. Let q be b/(-14) + (-935)/(-77). Suppose -2*n = o - 5*o + q, 5*n = 0. What are the prime factors of o?
3
Let x = 15 + -17. What are the prime factors of 0/x + (-14 - -82)?
2, 17
List the prime factors of (-3)/6*(-3 - -449)/(-1).
223
Suppose 0 = -d + 117 - 48. Suppose 5*n - 2*l - d = l, 5*n - 51 = -3*l. Let g(j) = -j**3 + 12*j**2 + 11. List the prime factors of g(n).
11
Let o = 361 - -146. List the prime factors of o.
3, 13
Let w(d) = d**2 + 18*d + 35. What are the prime factors of w(-19)?
2, 3
List the prime factors of 922*(77/(-28) - -3)*4.
2, 461
Let q be (-497)/(-21) + (-2)/3. Let t = q + -55. Let o = t - -45. What are the prime factors of o?
13
Let f(d) = -d**2 + 26*d - 48. Let s = 116 - 100. List the prime factors of f(s).
2, 7
Let h = -620 + 1246. List the prime factors of h.
2, 313
Let c(t) = t - 13. Let s be c(11). What are the prime factors of ((-117)/s)/(-9)*-2?
13
Let s = -2 + -14. Let q be 0 + 1 - 1*-1. What are the prime factors of (s*q - -2)/(-2)?
3, 5
Suppose -2*l - 3 = -3*g + 2, 0 = 3*l + 4*g - 35. Let y = 4 - 1. Suppose 61 = y*d - l*v, 5*d = 2*d - 3*v + 21. What are the prime factors of d?
2, 3
Let i(v) = 217*v - 73. List the prime